be q(1). Let i(p) = -19*p**3 - p**2 + 4*p + 4. Let u be i(j). What is the highest common factor of 18 and u?
18
Let z = 884 - 1287. Let v = z + 413. Calculate the greatest common divisor of 20 and v.
10
Let h = 395 - 427. Let j be (121 + -109)/(-1 - 33/h). Calculate the highest common factor of j and 24.
24
Let r(k) = -27*k + 469. Let v be r(17). Suppose 2*y = -2*a - 20, -3*a - 2*y = -7*a - 52. Let w = a - -14. What is the greatest common divisor of w and v?
2
Let t be (2 + -1)*(-6)/(3 - -3). Let d(z) = -34*z**3 + 2*z**2 - 2. Let a be d(t). Calculate the highest common factor of 442 and a.
34
Suppose -334 = -4*y + n, 2*y + y - 259 = 5*n. Let m = 88 - y. Suppose 2*i + 116 = m*k, k + 3*i - 1 - 29 = 0. Calculate the greatest common divisor of k and 168.
24
Suppose 3*s - 7287 = 3*n, 770 - 12921 = -5*s + 2*n. Suppose -14*o + s = 3*o. Calculate the highest common divisor of 22 and o.
11
Suppose 0*t + 3 = 3*t. Let g(n) = 7*n**3 + n**2 + 2*n - 2. Let y be g(t). Let j be (-1656)/(-23)*2/6. What is the greatest common divisor of y and j?
8
Let t(q) = -4*q**2 - 9*q - 8. Let d be t(-2). Let j be ((-238)/35 - d)*3*-15. What is the highest common factor of j and 63?
9
Suppose 22*m = 43672 + 18566. Calculate the highest common factor of 138 and m.
69
Let z(m) = -2*m + 50. Let c be z(1). Let j be (-3)/(-18) + (-29)/(-6). Let l be (1 - j)/(2/(-30)). What is the highest common factor of l and c?
12
Let m = 521 + -521. Suppose 5*u - 4*k - 105 = m, 61 - 19 = 2*u + 3*k. Suppose 0*s - 2*s = -42. What is the greatest common divisor of u and s?
21
Let d(m) = 6*m**2 + 83*m - 52. Let r be d(-16). Suppose 2*t + 4*x - r = 0, -2*t - x + 9 = -135. What is the greatest common divisor of t and 910?
70
Let k = -10450 - -10597. Calculate the greatest common divisor of 441 and k.
147
Suppose -5515 = -12*k + 3149. Suppose -11*z + k = 8*z. Suppose -4*m - 60 = -364. What is the highest common divisor of z and m?
38
Let n(l) = -5051*l**3 + l**2 + 117*l + 114. Let q be n(-1). Calculate the highest common factor of q and 66.
33
Let b(j) = j**3 - 6*j**2 + 3*j + 15. Let f be b(8). Let p = f + -49. Calculate the greatest common divisor of 295 and p.
59
Let m(t) = 28*t**2 - 9*t + 8. Let a be m(2). Suppose -3*h + 720 = -3*v, 5*h - 1098 = 3*v + a. What is the greatest common factor of h and 180?
60
Let b = 82 - 35. Let o(a) = 25*a**2 + 16*a - 94. Let s be o(5). What is the highest common factor of b and s?
47
Let n(h) = 382*h - 1317. Let d be n(7). Calculate the highest common divisor of 161 and d.
23
Let t(i) be the second derivative of i**5/20 - 11*i**4/12 + 5*i**3/2 - 7*i**2 + 2*i - 23. Let w be t(10). What is the greatest common divisor of w and 84?
12
Let u(z) = -90*z - 21. Let v be u(-15). Let y = v + -816. Calculate the greatest common divisor of 19 and y.
19
Let w = 10 - 10. Let c be w + 4 - 108/18. Let k be c/(-7) - (-393)/21. What is the highest common divisor of k and 190?
19
Let q(m) = 2*m**3 + 55*m**2 + 9*m + 7. Let y be q(-27). Calculate the greatest common divisor of y and 116.
29
Let k be 854820/396 + (-16)/(-44). What is the highest common factor of 127 and k?
127
Suppose 0 = 3*g + g - 8*g. Let b be 469/2 + g - 1/2. Calculate the greatest common factor of 54 and b.
18
Let y be (-56)/(-6)*(-8250)/(-1925). What is the greatest common divisor of y and 250?
10
Suppose -6 - 6 = -4*b. Suppose -b = -v + 11. Let z = -5090 - -5092. What is the greatest common factor of z and v?
2
Let d = -8273 - -8274. Calculate the highest common factor of d and 197.
1
Suppose 2*o = -o - 2*i + 116, -3*i + 117 = 3*o. Suppose -18 = -3*n + 6*n. Let t(w) = -16*w - 1. Let m be t(n). Calculate the greatest common factor of m and o.
19
Let n = 242 + -229. Suppose -9*v + 41 = -n. Calculate the greatest common divisor of v and 324.
6
Let o(j) = -3*j**3 - 6*j**2 - 9*j - 7. Suppose 3*u = 1 - 10. Let c be o(u). Suppose 4*a - c = 21. Calculate the greatest common factor of a and 272.
17
Let b be (17 + -16)/(2/112). Let a be (154/b + (-2)/(-8))*3. Calculate the highest common factor of 117 and a.
9
Let w(f) = -2*f**3 - 27*f**2 - 32*f + 26. Let z be w(-11). Let v = 493 + z. Calculate the greatest common divisor of v and 56.
14
Suppose -13 = -y - 3*t, 3*y + 8*t - 25 = 13*t. Let s be (-44576)/(-280) - (-8)/y. Calculate the highest common divisor of s and 50.
10
Suppose -34 = 5*w - 9. Let x be 360/32 + ((-15)/4)/w. Let b be 6/(-18) + 220/x. What is the highest common divisor of 2 and b?
2
Let q = 68 - 4. Let p be 162 - 4/(-24)*0. Let s = 194 - p. Calculate the highest common divisor of s and q.
32
Let z = 3 - -56. Suppose -q = 50 - z. What is the highest common factor of q and 9?
9
Let d(u) = 3*u**2 - 37*u - 107. Let v be d(19). What is the highest common divisor of v and 1001?
91
Suppose -5*z - 3*v = -791, -5*z + 413 + 370 = 4*v. What is the greatest common factor of z and 10432?
163
Suppose -d - 195 = -6*d. Let k(c) = -3*c**2 + 64*c - 11. Let v be k(17). Let p = v - d. Calculate the greatest common divisor of 19 and p.
19
Let t = -27 + 91. Suppose -4*x = -268 + 76. What is the greatest common factor of x and t?
16
Let u be 38/(-171) + (-112)/(-18). Suppose 4 - u = -r. Let b be 2 + (27/3)/(2/r). What is the highest common factor of 88 and b?
11
Suppose 5*q + 2*a + 603 = 0, 2*q + q - 3*a = -366. Let i = 123 + q. Calculate the greatest common divisor of 16 and i.
2
Let d = 13838 - 13818. What is the highest common divisor of d and 10580?
20
Let h = -13938 + 14194. Calculate the highest common factor of h and 136.
8
Suppose -48 = -3*o + 3*g, -82 = -5*o + o - 5*g. Let x be ((-6996)/(-8745)*15/(-4))/(1 + 26/(-20)). Calculate the highest common factor of x and o.
2
Suppose -2233 = -2*r - 3*w, -2*r + 2234 = -833*w + 835*w. What is the greatest common factor of 1462 and r?
86
Suppose 23*s = 27*s - 48. Suppose 5*m = -25, 3*u + 2*m - 223 = 7*m. Suppose 0 = p - 2*h - 64, -2*h + u = p - 5*h. What is the highest common factor of s and p?
12
Let j be (-12*(-2)/10)/((-28)/(-490)). What is the highest common divisor of j and 35?
7
Let j = 768 - 768. Let f be 574 - (8 + -1 - j). Calculate the highest common divisor of 27 and f.
27
Suppose 2*a - 2*q - 298 = -2*a, -146 = -2*a + 4*q. Calculate the highest common divisor of 1525 and a.
25
Let t(g) = -13*g + 28. Suppose -16 - 70 = -u. Let i = -93 + u. Let w be t(i). What is the greatest common divisor of 17 and w?
17
Suppose 0 = u - 3*y - 451, u + 3*y - 451 = 2*y. Suppose -5*q - 21*k + 55 = -25*k, q - 5*k = 11. What is the highest common divisor of u and q?
11
Suppose 4043*g - 430 = 4038*g. What is the greatest common factor of g and 22?
2
Let x = 842 - 842. Suppose -42*z - 3932 + 11870 = x. Calculate the greatest common factor of z and 7.
7
Let u = -166 + 179. Suppose u = 3*s - 5*k - 21, -2*s - 9 = 3*k. What is the greatest common factor of 51 and s?
3
Let r be (66/(-4)*19/57)/((-2)/148). What is the greatest common divisor of 22 and r?
11
Let q(a) = -1613*a + 248. Let f be q(-2). What is the highest common factor of f and 18?
18
Let v(m) = -122*m + 1355. Let k be v(11). Calculate the greatest common factor of 44798 and k.
13
Let d(n) = -44*n - 3. Let b be 11/(-5) - 8/(-40). Let s be d(b). Suppose c = 6*c - s. Calculate the highest common divisor of 68 and c.
17
Let c = 1943 + -1815. What is the greatest common divisor of c and 6?
2
Let u(x) = -775*x + 847. Let p be u(-7). Calculate the highest common factor of 294 and p.
98
Suppose 283*d - 279*d = -4*b + 152, 102 = 3*b + 5*d. Calculate the highest common divisor of 788 and b.
4
Suppose -95*z = 6*z + 47*z - 87912. Calculate the highest common factor of 726 and z.
66
Suppose 25 = 4*t + 3*d, -2 = 4*d - 2*d. Suppose -3*z = a - 26, 5*a + 12 = z + t*a. Calculate the greatest common factor of 8 and z.
8
Let y(v) = -3*v**3 - 4*v**2 - 4*v - 2. Let s be y(-3). Let i = 32 - 18. Let o be (18/(-6) - (0 - i)) + 0. What is the greatest common divisor of o and s?
11
Let d(n) = -2*n**2 - 14*n - 17. Let c be d(-5). Suppose 164 = c*z - 592. Calculate the greatest common divisor of 36 and z.
36
Let p(r) = 64*r**2 + 27*r - 38. Let j be p(2). Calculate the greatest common divisor of j and 8.
8
Let j be (0/6 - -505)/(-7 + (-1820)/(-259)). What is the greatest common factor of j and 185?
185
Let d = 21442 + -13153. Calculate the highest common divisor 